d + p + 5, 0 = -3*p - 15. What is the units digit of t(d)?
3
What is the hundreds digit of 5/15 - 82432/(-24)?
4
Let i(u) = -175*u + 916. What is the units digit of i(-20)?
6
Suppose 399 - 91 = -4*n. Let a = 49 + n. Let k = a + 43. What is the units digit of k?
5
What is the units digit of (-141*3/18)/(2/(-68))?
9
What is the hundreds digit of (-13)/((-585)/14185) - (-4)/(-18)?
3
Suppose -10*r = -6*r - 544. Suppose 3*d + r = i, 2*d + 134 = -i + 2*i. What is the tens digit of i?
3
Suppose 0*d = j + 3*d - 20, -3*j + d + 10 = 0. Suppose 0 = -j*m + 2*m + 36. What is the tens digit of m?
1
Let d(j) = 5*j + 1. Let f(h) = -h. Let t(x) = 5*d(x) + 30*f(x). Let p be t(3). What is the units digit of 3/(2 - (-14)/p)?
5
Suppose 4*f = f + 3. Suppose -2*k + f = -5. Let d = k - -11. What is the units digit of d?
4
Let b(k) be the second derivative of 0 - 2*k + 1/4*k**4 + 1/6*k**3 + 2*k**2. What is the tens digit of b(-3)?
2
Let x be (15*4/(-18))/((-3)/45). Suppose -2*i - x = -88. What is the units digit of i?
9
Suppose 5*x = -m - 3*m + 250, -2*m = 3*x - 152. Suppose -123 = -3*j + x. What is the units digit of j?
9
Let l = -15 + 27. Suppose f + p + l = -2*f, f + 8 = p. Let d = f + 15. What is the units digit of d?
0
Suppose 6 = 3*l, 0*p - 5*l = 2*p - 620. What is the tens digit of p?
0
Let c(r) be the second derivative of 7/3*r**3 - 3*r + 0 + 4*r**2. What is the tens digit of c(3)?
5
Suppose -4*l = -0*l - 12. Suppose l*p - 5*d + 234 = 7*p, -p + 63 = -d. What is the units digit of p?
1
Suppose -3*x - 5*n + 46 = 0, -2*x - 2*n + 22 = -2. Suppose -3*d = -x*d + 248. What is the tens digit of d?
6
Let j = 27 + -27. Suppose j = 8*w - 6*w - 6. What is the units digit of w + -3 + 43 + 2?
5
Let f = 12 + -16. Let g be -2*(-2)/f - -4. Suppose 0 = g*t - 5*t + 28. What is the tens digit of t?
1
Let k(b) = -b**3 + b**2 + b + 2. Let v be k(2). Suppose 220 = 5*c + 4*m, -3*m - 63 = -c - v. What is the units digit of c?
8
Suppose 0 = -9*s + 15 + 30. What is the tens digit of 1/s - 714/(-5)?
4
Let g(z) = -z**2 - 35*z - 8. What is the tens digit of g(-25)?
4
Let v be (-5)/(-30) + 3/((-18)/(-2501)). Let u = v + -261. What is the units digit of u?
6
Let f(o) = -109*o. Let m be f(-1). Suppose -4*r + 293 = m. What is the units digit of r?
6
Suppose 0 = 3*t - 2*t - 24. Let d = 38 - 34. What is the units digit of 570/t - (-1)/d?
4
Let q = 750 - -76. What is the tens digit of q?
2
Let q(r) = -r**3 + 17*r**2 - 15*r - 16. Let x be q(16). Suppose x = -j + 11 - 0. What is the tens digit of j?
1
Suppose 2*p = 6*p - 3*d, d = -4*p. Suppose p = -3*s + 9*s - 174. What is the units digit of s?
9
Suppose -21*u = -837 + 228. What is the units digit of u?
9
Let o = -10 + 15. Suppose -o*q - 5*s + 2*s + 1788 = 0, -2*s = 2*q - 712. Suppose 5*p = -4*m + m + 360, -5*p = -3*m - q. What is the tens digit of p?
7
What is the units digit of ((-30)/(-6) - -137) + -5?
7
Let c = -6 + 10. Let r be -3 + (5 - c) + -81. Let i = -40 - r. What is the tens digit of i?
4
Suppose 2*n + a - 997 - 384 = 0, 0 = -4*n + 3*a + 2757. Let c = n - 463. Suppose 73 = 5*s - c. What is the units digit of s?
0
Let s = 770 - 230. What is the hundreds digit of s?
5
Let p be (-2)/4*6/(-1). Suppose -p*j + j = -238. What is the tens digit of j?
1
Let c be (-6)/6 - (-325 - 0). Suppose 7*m = c + 89. What is the units digit of m - (-2 - (-4 - -1))?
8
Let s(x) = -5*x - 4. Let r be s(6). Let u = -13 - r. Suppose -16 = -2*n - 5*a, 0 = -2*n - 3*a + 3 + u. What is the units digit of n?
8
Let x(m) = -7 + 2 - 73*m + 5 - 3. Let i(f) = -f**3 - 3*f**2 + f + 2. Let u be i(-3). What is the tens digit of x(u)?
7
Let o(v) = -3*v**2 + 5*v + 773. What is the hundreds digit of o(0)?
7
Let j(u) = -u**3 + 18*u**2 - 10*u - 9. Let c be j(17). Suppose -5*y + c = 15. What is the tens digit of y?
1
Let m = 705 + 2845. What is the thousands digit of m?
3
Suppose -3*l - 2 = -2*l. Let j be -1 + (3 + l - -1). What is the units digit of (-495)/(-12) + j/(-4)?
1
Let g be (-2)/((-16)/12)*2 - 3. Suppose -484 = -3*d - 2*l, 3*d + d + l - 647 = g. What is the tens digit of d?
6
What is the hundreds digit of 534 + 2 - (-4 + -2)?
5
Let t(k) = -k**3 + 12*k**2 + 13*k + 12. Suppose -2*s = -6*s. Suppose -o - 4*c + 25 = s, -4*c - 1 = -o - 0*c. What is the tens digit of t(o)?
1
Let n(c) = -34*c - 19. What is the units digit of n(-9)?
7
Suppose -y + 202 = 2*l + l, -2*l - 3*y = -130. Let c(v) = 30*v + 7. Let a be c(3). Let h = a - l. What is the tens digit of h?
2
Let b be ((-4)/(-12))/((-2)/(-12)). Let h(x) = 12*x**2 - 2*x - 1. What is the units digit of h(b)?
3
Let z be (2/3)/(10/(-30)). What is the hundreds digit of (-5)/(-30)*z + 1022/6?
1
Let f be (-84)/(-9) - 3/9. Suppose f*c - h = 4*c + 373, 0 = 2*c - h - 151. What is the units digit of c?
4
Let i(j) = 2*j - 20. Let g be i(12). Suppose -91 = 3*l + u, -2*u + 61 = -2*l + 3. What is the tens digit of g/l - 2408/(-60)?
4
Let r(j) = 15*j**2 - j - 2. Let m be r(-1). What is the units digit of m/(-4)*(-10 + -4)?
9
Let l = -2725 + 4241. What is the hundreds digit of l?
5
Let k(o) = 93*o**3 - 2*o**2 - 4*o + 1. What is the hundreds digit of k(2)?
7
Let j(t) = t**3 + 9*t**2 + 8*t - 2. Let m be j(-8). Let f = 1 - m. Suppose 4*s = -4*n + 84, 0 = -f*s - 0*n - 2*n + 65. What is the units digit of s?
3
Let o(b) = 238*b + 4. Let x be o(7). What is the units digit of x/150 + 4/(-30)?
1
Let z = 6 - -43. Let u = z + -7. What is the units digit of u?
2
What is the units digit of ((-26)/117 - 22/(-18))*379?
9
Let j = -12 - -14. Suppose -5*h = -j*x - 88, 0 + 20 = -5*x. What is the tens digit of h?
1
Let b be (-3)/(3/(-2))*3. Suppose 5*w = 9 + b. Suppose -w*v - 5 + 17 = 0. What is the units digit of v?
4
Let d(s) = s**3 - 4*s**2 - 6*s + 9. Let b be d(5). Suppose 2*r - 2*p - 284 = 0, -5*r - b*p = -7*r + 292. What is the units digit of r?
8
Let w be 198*-3*(-1)/6. Suppose w = -z + 236. What is the tens digit of z?
3
What is the tens digit of (30/(-35))/(-2 - (-4254)/2128)?
1
Let a(z) = -1152*z**3 - 8*z**2 - 4*z + 2. What is the hundreds digit of a(-1)?
1
Let r(a) = -a**3 - 11*a**2 + 15*a + 14. Let d be r(-12). Let x = -24 - d. What is the units digit of (2 + -3 - x) + 40?
1
Let i = -235 + 354. What is the tens digit of i?
1
Suppose 0 = -2*d - 5*m - 0*m + 2674, d + 4*m - 1331 = 0. What is the thousands digit of d?
1
Let n(d) = -d**2 - 3*d + 2235. Let t be n(0). What is the units digit of t/45 - (-4)/(-6)?
9
Let c(a) = -7*a + 3 + 9 + 22. What is the hundreds digit of c(-11)?
1
Let q(t) be the third derivative of 3*t**5/5 - t**4/12 - t**3/6 - 2*t**2 + 5*t. Let w = -3 - -2. What is the units digit of q(w)?
7
Suppose -4*l = -16, 98 + 404 = 5*p - 2*l. Let h = p - 0. What is the tens digit of h?
0
Let d be (-2)/(-2) - (2 + -5). Suppose -d*o - 41 = -5*q, 4*q + 3*o - 20 = 19. What is the units digit of (-3)/q + 104/6?
7
What is the tens digit of -4 - (1312/(-2) - 2)?
5
Let a = -47 - 63. Let s be (2/4)/(171/(-22572)). Let t = s - a. What is the units digit of t?
4
Suppose -22*s + 12 = -19*s. Suppose s*n = -3*b + 85, -b - 3*b + 110 = 2*n. What is the units digit of b?
7
What is the hundreds digit of (104/5)/(223/23415)?
1
Suppose 1816*i - 1804*i = 22560. What is the thousands digit of i?
1
Suppose -4*d - 3*r = -7933, -11*r = -7*r - 12. What is the hundreds digit of d?
9
Let q(z) = 28*z - 49. Let x be q(12). Let d = x - 158. What is the units digit of d?
9
Let a(d) = -d**3 - d**2 + 2. Let m be a(0). Suppose -m = 4*l - 26. Suppose 437 = l*c + 113. What is the units digit of c?
4
What is the tens digit of 6/18*-12 - (-1 + -883)?
8
Suppose 5*g - 10103 = 4*v, -8*g + 5*g - 5*v = -6084. What is the units digit of g?
3
Suppose 10 = -6*s + 4. Let i = s + -1. What is the tens digit of (273/(-26))/(i/12)?
6
Suppose -3*z - 31 = -3*x + 2, 0 = 5*x + 5*z - 5. Let o(h) = 11*h + h - 5*h + 7*h - 25. What is the units digit of o(x)?
9
Suppose -3*g + 0*g - 103 = 4*d, 3*g - 93 = 3*d. Let r = 13 + d. What is the tens digit of (-54)/r*(-80)/(-12)?
2
Suppose -4*o = -2*h - 382, 3*o - 138 = -2*h + 138. Suppose -86 = -4*z + o. What is the units digit of z?
5
Suppose -v = -2*v + 322. What is the tens digit of (-3)/(-6)*v/7?
2
Suppose -2*s + 2*n - 2 = 0, -3*s + 0*n + 2 = -4*n. Let w = -1 - s. Suppose p - 110 = -w*a, 2*a = -a + 2*p + 79. What is the tens digit of a?
2
Suppose r - 4*r = -2*k